e factors of 3192160125?
3, 5, 7, 11, 17, 929
List the prime factors of 204417397.
1091, 187367
What are the prime factors of 315354267?
3, 17, 19, 83, 1307
List the prime factors of 34953225.
3, 5, 466043
What are the prime factors of 410370679?
53, 7742843
List the prime factors of 5343760224.
2, 3, 11, 37, 45589
What are the prime factors of 25459382?
2, 13, 979207
List the prime factors of 68865069.
3, 7, 13, 252253
List the prime factors of 12390930.
2, 3, 5, 37, 61
What are the prime factors of 102333124?
2, 79, 109, 2971
What are the prime factors of 26495277?
3, 73, 337, 359
What are the prime factors of 1766208512?
2, 1724813
What are the prime factors of 78450362?
2, 103, 229, 1663
What are the prime factors of 1130843835?
3, 5, 11, 29, 8753
What are the prime factors of 121936197?
3, 40645399
What are the prime factors of 79374615?
3, 5, 17, 97, 3209
List the prime factors of 2145538046.
2, 1583, 677681
List the prime factors of 129478108.
2, 3079, 10513
List the prime factors of 796684473.
3, 13, 2269, 3001
What are the prime factors of 7092523?
101, 70223
What are the prime factors of 14354595?
3, 5, 19, 103, 163
What are the prime factors of 137987964?
2, 3, 3832999
List the prime factors of 1788667425.
3, 5, 7949633
What are the prime factors of 2382479622?
2, 3, 193, 228601
What are the prime factors of 161278936?
2, 7, 13, 221537
List the prime factors of 340540294.
2, 17, 10015891
What are the prime factors of 341911322?
2, 170955661
What are the prime factors of 55457820?
2, 3, 5, 11, 37, 757
What are the prime factors of 51735268?
2, 13, 157, 6337
List the prime factors of 141436528.
2, 8839783
List the prime factors of 1245646366.
2, 37, 197, 85447
List the prime factors of 101931835.
5, 1117, 18251
List the prime factors of 291087577.
11, 41, 157, 4111
What are the prime factors of 1593363629?
11, 13, 617, 18059
List the prime factors of 1695469159.
1695469159
List the prime factors of 210108565.
5, 23, 47, 38873
What are the prime factors of 3690150305?
5, 17, 43413533
What are the prime factors of 141749602?
2, 70874801
What are the prime factors of 60684208?
2, 13, 291751
What are the prime factors of 35993773?
35993773
List the prime factors of 409190895.
3, 5, 101, 90031
What are the prime factors of 45028829?
223, 201923
What are the prime factors of 5643672377?
7, 806238911
List the prime factors of 316277981.
311, 1016971
List the prime factors of 1155374998.
2, 41, 43, 327673
What are the prime factors of 266164295?
5, 31, 317, 5417
List the prime factors of 126567716.
2, 11, 29, 99191
What are the prime factors of 154961072?
2, 7, 241, 5741
List the prime factors of 94798552.
2, 167, 70957
What are the prime factors of 29453978?
2, 14726989
List the prime factors of 244969983.
3, 17, 19, 4957
What are the prime factors of 2023570667?
3967, 510101
List the prime factors of 29371725.
3, 5, 31, 4211
What are the prime factors of 60572329?
29, 61, 97, 353
What are the prime factors of 113911205?
5, 31, 734911
What are the prime factors of 216983956?
2, 7, 97, 101, 113
List the prime factors of 28538812.
2, 1933, 3691
What are the prime factors of 194631718?
2, 1109, 87751
What are the prime factors of 59781439?
23, 2599193
List the prime factors of 369203071.
369203071
List the prime factors of 38311937.
38311937
What are the prime factors of 527857963?
73, 349, 20719
What are the prime factors of 2564832386?
2, 1282416193
List the prime factors of 78146756.
2, 17, 67601
What are the prime factors of 5085447052?
2, 7, 19, 571, 16741
List the prime factors of 58164798.
2, 3, 109, 88937
What are the prime factors of 40601472?
2, 3, 105733
List the prime factors of 19887332.
2, 4971833
List the prime factors of 45434729.
23, 1975423
List the prime factors of 89477627.
5399, 16573
What are the prime factors of 259443909?
3, 491, 58711
List the prime factors of 229971038.
2, 11, 10453229
What are the prime factors of 34096006?
2, 7, 877, 2777
List the prime factors of 74099020.
2, 5, 3704951
List the prime factors of 156237930.
2, 3, 5, 578659
List the prime factors of 11893106.
2, 271, 21943
What are the prime factors of 241680422?
2, 443, 272777
What are the prime factors of 2275890080?
2, 5, 1907, 7459
List the prime factors of 205664353.
12011, 17123
What are the prime factors of 88392365?
5, 17678473
What are the prime factors of 270468212?
2, 7, 73, 113, 1171
What are the prime factors of 2165021386?
2, 11, 19, 79, 65563
What are the prime factors of 137125374?
2, 3, 22854229
List the prime factors of 103032556.
2, 11, 839, 2791
What are the prime factors of 6366333?
3, 101, 21011
List the prime factors of 207338528.
2, 17, 37, 10301
List the prime factors of 181542819.
3, 181, 334333
What are the prime factors of 28209817?
17, 1659401
List the prime factors of 71233672.
2, 17, 523777
List the prime factors of 266516328.
2, 3, 13, 37, 23087
List the prime factors of 168960537.
3, 37, 89, 5701
List the prime factors of 122229370.
2, 5, 12222937
List the prime factors of 713315995.
5, 7, 20380457
List the prime factors of 394816078.
2, 197408039
What are the prime factors of 8006676279?
3, 7, 1583, 240853
List the prime factors of 70024385.
5, 709, 19753
List the prime factors of 518389725.
3, 5, 7, 43, 22963
List the prime factors of 185121221.
2389, 77489
List the prime factors of 156334155.
3, 5, 61, 170857
What are the prime factors of 26410942?
2, 13205471
What are the prime factors of 158488366?
2, 67, 103, 11483
List the prime factors of 45461313.
3, 5051257
List the prime factors of 42167653.
11, 29, 61, 197
List the prime factors of 149686979.
13, 11514383
List the prime factors of 45786798.
2, 3, 107, 23773
List the prime factors of 47720220.
2, 3, 5, 795337
List the prime factors of 1570793904.
2, 3, 3636097
List the prime factors of 83826721.
11, 97, 251, 313
What are the prime factors of 5040647?
5040647
List the prime factors of 707628468.
2, 3, 17, 43, 80669
List the prime factors of 498725854.
2, 11, 22669357
List the prime factors of 446210053.
446210053
What are the prime factors of 169635865?
5, 7, 4846739
What are the prime factors of 1793404159?
1793404159
What are the prime factors of 58267378?
2, 13, 37, 1637
What are the prime factors of 11539127?
11539127
What are the prime factors of 343297313?
343297313
List the prime factors of 733267204.
2, 29, 227, 27847
What are the prime factors of 4114343930?
2, 5, 167, 2463679
What are the prime factors of 160189386?
2, 3, 7, 3814033
List the prime factors of 197785866.
2, 3, 32964311
What are the prime factors of 94385205?
3, 5, 2097449
List the prime factors of 59544290.
2, 5, 13, 19, 24107
List the prime factors of 3440975745.
3, 5, 79, 2903777
List the prime factors of 517731367.
47, 1223, 9007
List the prime factors of 7131674788.
2, 7, 4721, 53951
List the prime factors of 63518552.
2, 139, 239
What are the prime factors of 1807836561?
3, 200870729
What are the prime factors of 232913864?
2, 29114233
What are the prime factors of 62108311?
37, 1678603
What are the prime factors of 28153106?
2, 127, 271, 409
List the prime factors of 462324272.
2, 28895267
List the prime factors of 121686656.
2, 7, 13, 31, 337
List the prime factors of 46586657.
13, 1237, 2897
List the prime factors of 1472838111.
3, 11617, 14087
What are the prime factors of 459597755?
5, 811, 113341
What are the prime factors of 88154477?
281, 313717
List the prime factors of 808919130.
2, 3, 5, 26963971
List the prime factors of 1407132578.
2, 3847, 182887
List the prime factors of 1080057152.
2, 67, 251879
What are the prime factors of 196629319?
4957, 39667
What are the prime factors of 581956715?
5, 197, 590819
List the prime factors of 2478157928.
2, 137, 2261093
List the prime factors of 454205674.
2, 13, 3313, 5273
List the prime factors of 53748324.
2, 3, 7, 213287
What are the prime factors of 30552418?
2, 13, 19, 23, 2689
List the prime factors of 923948786.
2, 5119, 90247
List the prime factors of 116808489.
3, 7, 47, 103, 383
List the prime factors of 64317282.
2, 3, 1877, 5711
What are the prime factors of 4065024062?
2, 11, 6917, 26713
What are the prime factors of 948364633?
948364633
List the prime factors of 260862748.
2, 65215687
What are the prime facto